culate x(-1).
-11
Let m(q) = -5*q**3 - 11*q**2 + 204*q + 21. Let b(p) = 12*p**3 + 22*p**2 - 406*p - 42. Let n(s) = 2*b(s) + 5*m(s). Calculate n(10).
1
Let d(h) = -h**2 - 12*h + 514. Let f be d(-29). Let k(a) = a - 15. Calculate k(f).
6
Let c(s) be the second derivative of 0 - 1/6*s**3 + 17/2*s**2 - 13*s. Suppose -4*d = -d. Calculate c(d).
17
Suppose -6 = 19*r + 89. Let p(i) = -25*i - 121. Give p(r).
4
Let k(r) be the second derivative of 9*r**2/2 - 60*r - 3. Let n(w) = -2*w - 36. Let m(h) = -9*k(h) - 2*n(h). Calculate m(4).
7
Let d be 16/4 + (-2 - -6). Let l(m) = -5 + 2 + d*m**2 - m + 3*m + 16*m**2 - 19*m**2. What is l(3)?
48
Let c(g) = -g**2 - g + 1. Suppose -11 + 31 = -5*b. Let h(j) be the first derivative of -j**3/3 - j**2 + 11*j - 53. Let r be h(b). What is c(r)?
-11
Let f be (-49)/(-2)*(-2 - 238/(-49)). Suppose -u - 6*u = -f. Let o(d) = d**3 - 11*d**2 + 12*d - 14. Calculate o(u).
6
Let o(h) = h**2 + 40*h + 172. Let p be (-3 - 5/15)/((-6)/(-63)). What is o(p)?
-3
Let c = 28 + -16. Suppose -2*w + 4*p - 17 = -3*w, 0 = 4*p - c. Let b(t) = -t**3 + 5*t**2 - 4. Give b(w).
-4
Let y(h) = -1348*h + 2 - 15 + 5 + 36*h**2 + 1061*h. What is y(8)?
0
Let w(s) = -4*s**2 - s. Suppose -204 + 216 = 4*y. Suppose -1 = -y*j - 5*i - 24, 5*j - 3 = 2*i. Calculate w(j).
-3
Let z(x) = -10*x**3 - 2*x**2 - x - 3. Let h(l) = -21*l**3 - 4*l**2 - l - 7. Let o(r) = 2*h(r) - 5*z(r). Suppose 20 = 4*q, 5*u = -4*q + 8*q - 25. Calculate o(u).
-8
Suppose 20 = -12*z + 22*z. Suppose 3*w - s + 6*s = -6, 15 = -5*s. Let o(i) = -2*i**2 + 6*i**w + 0*i**z + 2*i**3 - 9*i**3 - 4. Calculate o(-3).
5
Let g(j) = j - 14. Let o(h) = -2*h**3 - 3*h**2 + 3*h + 4. Let v be o(-2). Suppose 3*y - 18 = v*q, 5*y - 27 - 3 = q. Determine g(y).
-8
Suppose 0 = -7*i - 0*i - 511. Let u = i + 71. Let o(z) = -10*z - 3. Calculate o(u).
17
Let p(m) = -m**3 - 45*m**2 - 224*m + 378. Let k be p(-39). Let r(a) = -a**3 - 13*a**2 - 10*a + 38. Calculate r(k).
14
Let g(t) = -6*t**2 - 37*t - 26. Let h(n) = -5*n**2 - n - 3. Let s(p) = g(p) - h(p). Determine s(-35).
12
Let v(x) be the third derivative of x**7/2520 - x**6/720 + x**5/30 - x**4/8 - 5*x**3/3 + 34*x**2. Let h(k) be the second derivative of v(k). Determine h(-3).
16
Let l(f) be the first derivative of -f**5/20 + f**4/2 - f**3 - f**2 + 44*f - 48. Let r(o) be the first derivative of l(o). Calculate r(5).
-7
Let p(a) be the second derivative of 7/2*a**2 - 1/2*a**3 + 2*a + 12. Give p(8).
-17
Let x(y) = 9*y**3 + 31*y**2 - 19*y + 7. Let z(f) = 4*f**3 + 15*f**2 - 10*f + 3. Let g(b) = 3*x(b) - 7*z(b). What is g(-13)?
0
Let i(c) = c. Suppose 0 = -5*n - 3*y - 7, 2*y = n + n - 10. Let u(s) = -7*s - 1. Let g(b) = n*u(b) + 2*i(b). Give g(5).
-26
Suppose 36*g - 258 = 138. Let h(y) = -y**2 + 16*y + 7. What is h(g)?
62
Let c(y) = 91*y + 2 - 91*y - 4*y**2 - 2*y**2 - y**2 - 4*y**3. Let m(i) = -5*i**3 - 7*i**2 + i. Let v(a) = -4*c(a) + 3*m(a). What is v(-6)?
10
Let i(q) = -3*q**2 - q - 2. Suppose 2*d - 2 = -2*r, 15 = 7*d - 4*d - 3*r. Suppose 0*s + 5*m - 25 = -5*s, -17 = -4*s - d*m. Calculate i(s).
-16
Let u(b) = -9*b - 1. Let g(x) = -25*x - 1. Let s(k) = 4*g(k) - 11*u(k). Suppose -24*i + 9*i + 195 = 0. Give s(i).
-6
Let a(q) be the second derivative of -q**4/24 - 17*q**3/6 - 135*q**2 - 3*q - 14. Let l(n) be the first derivative of a(n). Determine l(0).
-17
Let s(x) = -x**3 + 4*x**2 + 2*x - 3. Suppose -305 = -47*y + 118. Suppose 5*r + 4*g - 27 = 0, -2*g - y + 27 = 4*r. What is s(r)?
12
Let c(w) be the first derivative of -2*w**4 + 14*w**3 - 3*w**2 - 17*w - 4534. Calculate c(5).
3
Let v(a) = 18*a - 49. Let j(u) = -3*u + 4. Let n(f) = -5*j(f) - v(f). Determine n(14).
-13
Suppose 2*p + 7*q - 63 = 12*q, 9 = -3*q. Let o(u) = -23*u + 135*u**2 - 111*u**2 + p*u. Give o(1).
25
Let a(o) = -1264*o + 6*o**2 + 1261*o + o**3 - 10*o**2 + 11. Give a(3).
-7
Let c(q) = -4*q**2 - 5*q. Let l(y) = -y**3 + 3*y. Let p(d) = 3*d - 61. Let k be p(21). Let t be l(k). Calculate c(t).
-6
Let f(y) = y**3 + y**2 - y + 1. Let z(h) = -7*h**3 - 7*h**2 + 9*h - 4. Let d(v) = 6*f(v) + z(v). Suppose 0 = -874*i - 924 - 754 - 944. Calculate d(i).
11
Suppose 0 = -133*y + 179*y - 92. Let j(c) = -2*c**3 + c**2 + 14*c - 24. Give j(y).
-8
Suppose 2*h = -5*z + 57, -12 = -81*h + 79*h. Let r(a) = a**3 - 9*a**2 - 13*a + 10. Calculate r(z).
-107
Suppose 3*f + 2*f = -260. Let o = -48 - f. Let i(k) = 2*k - 5. Determine i(o).
3
Suppose d - 46 = 3*v, d - 14*v - 28 = -17*v. Let h = d + 40. Let a be 0/(-1 + 0)*h/(-154). Let w(j) = -j**2 - j + 2. Calculate w(a).
2
Suppose -q - 4*j = -36, q + 2*q = 5*j + 74. Let o = 25 - q. Let g(x) be the third derivative of x**4/24 + x**3 - 49*x**2. Determine g(o).
3
Let m(h) = 2*h**3 + h**2 - 5*h + 4. Let j be (-192)/32*(9/6 + -1). Give m(j).
-26
Let a(s) be the first derivative of s**4/2 + s**3 - 9*s**2/2 - 16*s - 7717. What is a(-3)?
-16
Let x(k) = k**2 - 22*k - 12. Let l(h) = -2*h**2 - 5*h + 1. Let s(o) = -4*l(o) - x(o). Calculate s(-6).
8
Let l(x) = -3*x**2 - 2*x. Let d(q) = q**3 + 9*q**2 - 2*q - 16. Let b be d(-9). Suppose -4*z = -b*i + 6, -3*z = -8*z - 4*i - 14. Calculate l(z).
-8
Let x(z) = -2*z**2 - 24*z - 30. Suppose k + 4*b = -3, -5*k - 2*b - 66 = -15. Calculate x(k).
-8
Let o(q) be the second derivative of q**4/12 + 5*q**3/2 - 29*q**2/2 + 351*q - 1. What is o(-17)?
5
Let s(j) = 2*j**3 - j**2 + j + 11. Let k(h) = 11*h**3 - 6*h**2 - 27*h + 43. Let o(i) = k(i) - 5*s(i). Determine o(-5).
-2
Let t(y) be the second derivative of -y**3 - 71*y + 0 + 3*y**2 + 1/12*y**4. Calculate t(6).
6
Let t(w) = -w**3 - 9*w**2 - 2. Let q be 2/8*-1 + 6632/32. Let f be (69/q)/((-1)/27). Calculate t(f).
-2
Suppose 0 = 3*k + 5*h - 3237, -k = -0*k + h - 1081. Let t = 1083 - k. Let j(y) = -1 - 5*y + 3*y + 0 + y**2. What is j(t)?
2
Let n(j) = 2 - 123*j + 1 - 4 - 1 + 91*j. Calculate n(-1).
30
Suppose 25*t + 1989 = 30*t - 2*g, 2*t - g = 796. Let q(l) = -4*l**3 - t + 3*l + 391 + l**3 - 6*l**2 + 4*l**3. Let m(j) = j + 3. Let h be m(2). Give q(h).
-16
Suppose -151*x + 55*x = -54*x - 546. Let y(u) be the first derivative of u**4/4 - 4*u**3 - 7*u**2 + 9*u - 4. Give y(x).
-4
Let v(y) be the third derivative of -y**5/60 + y**4/3 + 11*y**3/6 - 20*y**2. Let m be v(9). Let x(a) = -1 - a - 3 + m*a + 0*a. Calculate x(-3).
-7
Let j be ((-442)/39 - -14)*1*9/(-6). Let q(f) = -15*f - 40. What is q(j)?
20
Suppose -8 = -7*z - 1. Let v(j) be the first derivative of -21*j**2 + j - 1273. Determine v(z).
-41
Let p(h) be the second derivative of -h**7/2520 - 7*h**6/720 - h**5/60 + h**4/6 + 26*h**3/3 - 4*h + 18. Let q(y) be the third derivative of p(y). Give q(-8).
-10
Let y(l) be the second derivative of l**7/630 - l**6/360 - l**5/120 + l**4/3 + 70*l. Let j(h) be the third derivative of y(h). Calculate j(-1).
5
Let u(g) = -2 - 13*g**2 + 9*g**2 - 12*g**2 - 16*g - 7*g**2 + 24*g**2. What is u(13)?
-41
Let j be 3256/(-1092) - 30/(-390) - 2/21. Let g(n) = -10*n**2 - 8*n - 11. What is g(j)?
-77
Let y(g) be the first derivative of -g**5/60 - 3*g**4/8 - g**3/3 - 113*g**2/2 - 2*g - 273. Let i(q) be the second derivative of y(q). Determine i(-6).
16
Let a(l) = -51*l**3 + 10*l + 10. Suppose 0 = -86*r - 60 - 38 + 12. Calculate a(r).
51
Let d(h) be the third derivative of 5*h**4/24 + 31*h**3/6 - 29*h**2 - 15. What is d(-6)?
1
Let n(d) be the second derivative of d**4/12 - d**3/2 + d**2/2 - 5*d. Let i be n(-3). Let x = 19 - i. Let g(q) = q - 5. Calculate g(x).
-5
Let v = 494 + -230. Let p = v - 257. Let s(i) = i - 16. Calculate s(p).
-9
Let f be (2/8)/((-82)/1025 + (-309)/(-1050)). Let q(h) be the second derivative of -f*h**3 + 23*h + 0*h**2 + 1/20*h**5 + 0 + 5/12*h**4. Determine q(-6).
6
Let u(r) = -3*r**2 - 32 + 44 - 15*r - 9. Let p be u(-5). Let b(x) = -x - 2. Calculate b(p).
-5
Suppose 22*u = -2180 + 1938. Let a(p) be the second derivative of -p**4/12 - 11*p**3/6 - p**2 - 7*p. Calculate a(u).
-2
Let g(d) = -4*d**2 + d + 1 + 6 - 8. Suppose 419 - 169 = -157*v + 407*v. Determine g(v).
-4
Let v(w) = -w**2 + 17*w + 5. Let s(c) be the second derivative of c**4/6 - 3*c**3 - 2*c**2 - 26*c. Let g(b) = 3*s(b) + 4*v(b). Give g(-6).
-4
Let g(j) = -3*j**2 + 16*j + 18. Let m(i) = -8*i**2 + 33*i + 37. Let w(a) = -5*g(a) + 2*m(a). What is w(-8)?
32
Suppose 9*a = -63, 53*b - 58*b - 2*a - 99 = 0. Let c(x) = -6*x - 105. Calculate c(b).
-3
Let r(q) = q**2 - 3*q. Suppos